9) + (-4)/18. Let l be f(y). Let p = 8 + l. What is the units digit of p?
5
Let c = 45 + 51. Let q be (c/36)/(2/(-6)). What is the units digit of q/36 - (-220)/18?
2
Let f be 21/6*4/7. Suppose f*m = -3*m. Suppose m = 2*u - 14. What is the units digit of u?
7
Let y = -383 + 668. What is the hundreds digit of y?
2
Let g(z) = z**2 + 3*z - 7. Let h be g(-5). Suppose -2*w - l = -h, 4*l = -2*w - 0*w. Suppose -x + 5 = w. What is the units digit of x?
3
Let h = -11 - -48. Suppose -5*q - h = 48. Let a = -10 - q. What is the units digit of a?
7
Suppose -4*b - 136 = -4*m, 5*m = 2*m + 5*b + 108. What is the tens digit of m?
3
Let a(z) = z**3 + 6*z**2 + 6. Let d be a(-6). What is the units digit of ((-12)/8)/((-1)/d)?
9
Let b be -1 + -41 + (-9 - -6). Let i = 77 + b. What is the units digit of i?
2
Let a(o) = -5*o - 19. What is the tens digit of a(-14)?
5
Let o(f) be the second derivative of f**5/24 - f**4/24 - f**3/6 - 2*f. Let d(x) be the second derivative of o(x). What is the units digit of d(1)?
4
Let c(r) = -43*r + 2. What is the units digit of c(-5)?
7
Let y(w) = 10*w - 28. What is the hundreds digit of y(18)?
1
Suppose 5*z - m - 1285 = -0*m, -z = m - 251. What is the units digit of z?
6
Suppose -2*d = -13 - 9. What is the units digit of d?
1
Suppose -3*g + 2*c = g - 82, 5*g + 3*c = 97. Suppose 37 = 3*p - g. What is the units digit of p?
9
Let i(x) = x**2 - 6*x + 1. Suppose -9 = -0*h - 3*h. Suppose h*t - 23 = -5*q, -2*q + 0*t + 6 = 2*t. What is the units digit of i(q)?
8
Suppose -2*v = -1 - 7. Suppose v*h - 11 = h + 2*b, -h = -2*b - 1. Suppose 4*f + h*a - 4 = 6, 2*a = f - 9. What is the units digit of f?
5
Suppose 0 = -2*h - 4*s, 3*h - 5*s + 10 = -1. Let v(i) = -5*i - 2. Let g be v(h). Suppose -g*x = -3*x - 20. What is the units digit of x?
4
What is the tens digit of (32/(-5))/((-24)/540)?
4
Suppose 0 = 4*i - 0*i + 16, 3*u - 2*i = -7. Let w(d) = 1 + 5*d + d**2 - 7*d + d + 4*d. What is the units digit of w(u)?
1
Let t(o) = o - 7. Suppose -3*u + 3*s + 33 = -9, 18 = u - 2*s. Let n be t(u). What is the units digit of n + (-7)/((-14)/12)?
9
Suppose -2 = 2*i + 14. Let s(z) = -z**3 - 9*z**2 - 7*z + 8. Let c be s(i). Let b(a) = a**2 - a + 10. What is the units digit of b(c)?
0
Let w = 19 - 13. Let k be (-2)/w - 29/3. Let n = k + 16. What is the units digit of n?
6
Let u = -78 - -151. Let g = u + -44. What is the units digit of g?
9
Suppose -3*o = 4*t - 11, 0*t + 4 = 2*t. Let m be 11/3 - 4/6. Suppose -g + 9 = w + o, -m*g + 52 = -4*w. What is the tens digit of g?
1
Suppose -p + 4*p = 3. What is the units digit of p?
1
Suppose 14 = 2*k - 64. What is the tens digit of k?
3
Let x = -10 + 16. Suppose 4*n = n + x. Suppose -v = i + 4 - 12, 0 = n*i + v - 14. What is the units digit of i?
6
Suppose 3*s - 543 - 171 = 0. What is the hundreds digit of s?
2
Let z = -74 + 37. Let u = -26 - z. What is the units digit of u?
1
Suppose -21*k + 17*k + 16 = 0. Suppose -k*q - 136 = -3*z, 0 = -5*z + 2*q - 4*q + 218. What is the tens digit of z?
4
Let n be (6 + 0)/((-3)/(-48)). Suppose 5*o = o + n. What is the tens digit of o?
2
Let w(g) = 3*g**2 - 4*g - 11. What is the tens digit of w(6)?
7
Let p be (-129)/(-18) + 3/(-18). Suppose -p = -3*g + 4*c, 3*g - 5 = -3*c + 37. Suppose 2*b - g = -b. What is the units digit of b?
3
Let y be 0 + -1 + -1 - -2. Suppose -4*p + 5*m + 201 = y, 0 = -3*p - 2*p - 3*m + 242. What is the units digit of p?
9
Let r(z) = 27*z**2 + z. What is the units digit of r(1)?
8
Let g be (19 + -4)/3 + -1. Let z(a) = 11*a - 12. What is the tens digit of z(g)?
3
Let q = -2 - -2. Suppose -4*s + 4 + 8 = q. What is the units digit of s?
3
Let y = -75 + 215. What is the hundreds digit of y?
1
Let u = 14 + -20. What is the tens digit of 7/((-21)/u) - -18?
2
Let v(t) = -t**2 - 3*t - 1. Suppose 0 = 4*q + 16. Let s be v(q). Let y = 14 + s. What is the units digit of y?
9
Let v(r) = -10 + 2 - 2*r + 1. Let j be v(-5). Let u = j + 1. What is the units digit of u?
4
Suppose 102*b - 105*b + 207 = 0. What is the units digit of b?
9
Suppose c + 25 = -3*k - 4*c, 5*c = k - 5. Let m = 3 + k. What is the units digit of (m/4*-2)/1?
1
Let p(h) = h**2 - 18*h + 63. What is the hundreds digit of p(26)?
2
What is the tens digit of 581/14*(2 + 0)?
8
Suppose -14 + 41 = 3*g. Let m = g - -12. What is the tens digit of m?
2
What is the tens digit of (-46 - 4)/(0 - 2)?
2
What is the tens digit of ((-46)/(-4))/((18/4)/9)?
2
Suppose 0*j - 1876 = -7*j. What is the tens digit of j?
6
Let v = -9 - -10. Suppose -d = s + 1, -d = -2*s - 0*s + 13. Let r = s - v. What is the units digit of r?
3
Suppose 3 = l + 1. Suppose 4*m = l*m + 4. What is the units digit of m?
2
Let g(a) = -a**2 + a. Let v(f) = 3*f**2 + 4*f + 1. Let y(w) = -2*g(w) - v(w). What is the units digit of y(-3)?
8
Suppose -g + 4*b = -39, -5*g + 4 = -4*g + 3*b. What is the units digit of g?
9
Suppose -2*h - 460 = -4*p, 2*p = -4*h - 25 + 245. What is the units digit of p?
4
Suppose 0 = -2*p - 5*x - 0 + 2, -4*p + 3*x = -30. Let r = 18 - p. What is the tens digit of r?
1
Let j(l) = l**3 - 4*l**2 + 5. Let d be j(4). Let g(u) = u**3 - 4*u**2 - u - 2. What is the units digit of g(d)?
8
What is the units digit of (-285)/(-9) - 10/15?
1
Let w = 88 + 17. What is the hundreds digit of w?
1
Let x(p) = p**2 - p + 2. Let r be x(0). What is the tens digit of r/(-8) + (-511)/(-28)?
1
Let k = -17 - -30. What is the units digit of k?
3
Let w be (-10)/(-3)*(-36)/15. Let g = w - -13. What is the units digit of (-1 + 9/g)*5?
4
Suppose t - 4*t + 19 = 2*b, 0 = 5*t - 2*b - 37. What is the units digit of t?
7
Suppose -a - 5*s = -74, 0*a - 5*s - 202 = -3*a. Suppose 0*v + a = 4*v - p, -4*v = 5*p - 39. What is the tens digit of v?
1
Suppose 2*i - 4*f = 34, -3*i = -i + f - 19. What is the tens digit of i?
1
Let g(w) = w**2 - 4*w. Let x be g(5). Suppose 0 = x*m - m - 20. What is the units digit of m?
5
What is the tens digit of 4/(-14) - 258/(-21)?
1
Suppose -4*k = -p - 1, 5*p - 4*k - 85 = -2*k. Suppose p = 4*l - 33. What is the units digit of l?
3
Let z(k) = k**3 - 7*k**2 + k - 2. Let x = 19 + -12. Let g be z(x). Suppose -26 = -g*b - 11. What is the units digit of b?
3
Suppose -y + 24 = 4*i, -4*y + 8*y + 3*i = 96. What is the tens digit of y?
2
Suppose 0 = 2*c + 5*g + 4, -4*c - 2*g + 6*g = 8. Let s be ((-3)/(-6))/(c/4). Let w = 5 - s. What is the units digit of w?
6
Let n(m) = 2*m + 7. Let b(f) = -6*f**2 - f. Let y be b(-1). Let a be n(y). What is the units digit of (a/3)/((-1)/3)?
3
Suppose 3*v = -v + 20. Suppose v*i + 9*x - 4*x - 55 = 0, -5*x = 0. What is the tens digit of i?
1
Let i(y) = y**2 - 3*y. Let x be i(4). Suppose 0 = -3*g - 5*o + 115, x*o - 168 = -4*g + o. What is the tens digit of g?
4
Suppose -2*f + 128 = -138. What is the units digit of f?
3
Let m(s) = 3*s**2 - 2*s - 1. Suppose 0 = n + c - 3*c - 10, -2*c = 3*n + 2. Suppose h = 2*h - n. What is the units digit of m(h)?
7
Suppose 0*v - 5 = -5*w - v, -v = 4*w - 3. What is the units digit of w?
2
Let f(i) = -2*i - 5. Let t be f(-4). Suppose 3 = t*y, 4*d + y - 24 = -3. What is the units digit of (-1 - d)*(-2)/4?
3
Let f be (-11)/9 - 2/(-9). Let g = 6 - f. What is the units digit of g?
7
Suppose -4*c = -713 + 173. What is the units digit of c?
5
Suppose 0 = q - 6*q + 320. Suppose -28 = -2*h - 4*o + 12, -5*h + 2*o + q = 0. What is the tens digit of h?
1
Let v(s) = s**3 - 7*s**2 - 10*s - 9. What is the tens digit of v(9)?
6
Let a(b) = -2*b**3 + 1 - 2*b + 0*b**2 - 3*b**2 + 0*b**3. Let t be a(-2). Suppose -t*c + 5*c = -12. What is the units digit of c?
3
Let t(m) be the third derivative of 0 + 0*m + 0*m**3 - 1/24*m**4 + 2*m**2. What is the units digit of t(-5)?
5
Suppose -4*v - 2*z = 42, 2*v + 3*z + 0*z + 15 = 0. Let j = -5 + 0. Let n = j - v. What is the units digit of n?
7
Let m = 9 + -6. Suppose -m*n + 24 = 5*l, -6*n + 2*n + 3 = -3*l. Suppose f = -l*o + 15, 5*f - 8 = -5*o + 7. What is the units digit of o?
6
Let g = -103 - -4. Let i = -49 - g. What is the units digit of i?
0
Suppose -4*i = -2*o + 182 - 22, -3*o + 216 = 2*i. What is the tens digit of o?
7
Let k = 46 - 31. What is the tens digit of k?
1
Let y(l) = l + 3. Let h be y(2). Suppose -h*m - 50 = -7*m. What is the tens digit of m?
2
Let z(s) be the second derivative of s**3/6 + s**2 + 3*s. Let w be z(4). Suppose 3*k - w = 15. What is the units digit of